thousands digit of 71775087?
5
What is the ten thousands digit of 45842093?
4
What is the hundred thousands digit of 332025734?
0
What is the units digit of 273161261?
1
What is the ten millions digit of 2657552745?
5
What is the ten thousands digit of 592023082?
2
What is the units digit of 2312661?
1
What is the tens digit of 205350916?
1
What is the thousands digit of 65084011?
4
What is the thousands digit of 6828688164?
8
What is the hundred thousands digit of 93503814?
5
What is the hundred millions digit of 1287472259?
2
What is the ten millions digit of 68965385?
6
What is the hundred millions digit of 367043641?
3
What is the units digit of 1150907132?
2
What is the ten millions digit of 27649814?
2
What is the hundreds digit of 9662982?
9
What is the hundreds digit of 1402895414?
4
What is the millions digit of 2603676509?
3
What is the ten thousands digit of 114689915?
8
What is the tens digit of 22333723?
2
What is the millions digit of 124489607?
4
What is the hundreds digit of 5522667654?
6
What is the units digit of 21219854?
4
What is the ten thousands digit of 23955409?
5
What is the units digit of 292001216?
6
What is the units digit of 976308600?
0
What is the tens digit of 125509803?
0
What is the ten millions digit of 141089930?
4
What is the ten thousands digit of 676364939?
6
What is the tens digit of 124856?
5
What is the hundreds digit of 434739988?
9
What is the hundred thousands digit of 61131823?
1
What is the tens digit of 33457181?
8
What is the millions digit of 1221114358?
1
What is the ten millions digit of 138597524?
3
What is the tens digit of 60304135?
3
What is the units digit of 726172867?
7
What is the hundreds digit of 190026962?
9
What is the thousands digit of 59450040?
0
What is the hundred millions digit of 419340877?
4
What is the ten millions digit of 47773596?
4
What is the hundred millions digit of 1478653681?
4
What is the units digit of 360287167?
7
What is the ten millions digit of 16951136?
1
What is the ten millions digit of 22275682?
2
What is the hundred thousands digit of 136691467?
6
What is the hundreds digit of 27615400?
4
What is the thousands digit of 2368421034?
1
What is the ten thousands digit of 450440773?
4
What is the millions digit of 854540937?
4
What is the units digit of 19306270?
0
What is the millions digit of 387255060?
7
What is the ten thousands digit of 43932422?
3
What is the thousands digit of 4053228?
3
What is the hundred millions digit of 906950947?
9
What is the millions digit of 1517554686?
7
What is the tens digit of 2991212111?
1
What is the thousands digit of 281334501?
4
What is the ten millions digit of 68532934?
6
What is the hundreds digit of 42769434?
4
What is the thousands digit of 1294346422?
6
What is the hundred thousands digit of 2101041732?
0
What is the ten millions digit of 37849950?
3
What is the ten thousands digit of 83951823?
5
What is the ten thousands digit of 25569558?
6
What is the units digit of 30343369?
9
What is the units digit of 27487791?
1
What is the thousands digit of 93966170?
6
What is the units digit of 451522270?
0
What is the billions digit of 1442565631?
1
What is the millions digit of 121061999?
1
What is the tens digit of 52313122?
2
What is the hundred thousands digit of 1287386646?
3
What is the ten thousands digit of 36360951?
6
What is the hundreds digit of 2020651287?
2
What is the units digit of 370416597?
7
What is the thousands digit of 867667682?
7
What is the tens digit of 1229070196?
9
What is the hundreds digit of 22866020?
0
What is the tens digit of 1433314780?
8
What is the ten millions digit of 126462508?
2
What is the units digit of 135655919?
9
What is the hundred millions digit of 1927316568?
9
What is the hundreds digit of 218434379?
3
What is the billions digit of 1843934842?
1
What is the hundred thousands digit of 692744824?
7
What is the hundred millions digit of 580529613?
5
What is the ten millions digit of 27187353?
2
What is the hundred thousands digit of 471500284?
5
What is the units digit of 498159255?
5
What is the thousands digit of 2742985156?
5
What is the hundred thousands digit of 39947650?
9
What is the tens digit of 19793781?
8
What is the ten thousands digit of 3109957237?
5
What is the millions digit of 2114216571?
4
What is the hundreds digit of 2448564609?
6
What is the hundreds digit of 36161597?
5
What is the hundred thousands digit of 21086838?
0
What is the ten thousands digit of 98612834?
1
What is the hundreds digit of 66531419?
4
What is the thousands digit of 73107948?
7
What is the hundreds digit of 2639799461?
4
What is the tens digit of 855318446?
4
What is the thousands digit of 366973813?
3
What is the tens digit of 74711101?
0
What is the hundred thousands digit of 34656631?
6
What is the hundred thousands digit of 4724210375?
2
What is the thousands digit of 37053276?
3
What is the ten thousands digit of 151636238?
3
What is the ten thousands digit of 33842858?
4
What is the units digit of 64347838?
8
What is the hundred thousands digit of 37295166?
2
What is the thousands digit of 736163023?
3
What is the ten thousands digit of 2760910584?
1
What is the ten millions digit of 55323759?
5
What is the ten millions digit of 1225050569?
2
What is the ten millions digit of 99611430?
9
What is the hundred thousands digit of 174704368?
7
What is the ten millions digit of 1527928747?
2
What is the hundreds digit of 102280692?
6
What is the hundreds digit of 2515916782?
7
What is the ten millions digit of 1701584316?
0
What is the hundreds digit of 197159047?
0
What is the thousands digit of 2978755146?
5
What is the thousands digit of 506292719?
2
What is the ten millions digit of 400132506?
0
What is the hundred thousands digit of 115375275?
3
What is the tens digit of 270711158?
5
What is the units digit of 54366303?
3
What is the tens digit of 21879616?
1
What is the ten thousands digit of 34191129?
9
What is the tens digit of 1362502506?
0
What is the ten thousands digit of 612059543?
5
What is the units digit of 158532607?
7
What is the ten millions digit of 562868502?
6
What is the ten thousands digit of 39942216?
4
What is the thousands digit of 366914253?
4
What is the hundreds digit of 88275390?
3
What is the ten thousands digit of 344655346?
5
What is the hundred millions digit of 1312130284?
3
What is the ten thousands digit of 2951508150?
0
What is the hundreds digit of 14221819?
8
What is the hundreds digit of 213091290?
2
What is the ten thousands digit of 2291855685?
5
What is the units digit of 321018412?
2
What is the thousands digit of 36186825?
6
What is the hundred thousands digit of 202412269?
4
What is the tens digit of 302646688?
8
What is the ten millions digit of 847696428?
4
What is the ten millions digit of 105045980?
0
What is the hundred thousands digit of 475083019?
0
What is the hundred thousands digit of 248688984?
6
What is the billions digit of 1476658264?
1
What is the ten thousands digit of 54711554?
1
What is the thousands digit of 2315996113?
6
What is the hundred thousands digit of 47355302?
3
What is the hundreds digit of 51941?
9
What is the tens digit of 73797101?
0
What is the ten millions digit of 142793150?
4
What is the hundred thousands digit of 106818657?
8
What is the units digit of 3853463438?
8
What is the tens digit of 132670610?
1
What is the ten thousands digit of 417114141?
1
What is the hundreds digit of 40046014?
0
What is the units digit of 318130870?
0
What is the hundred millions digit of 303671750?
3
What is the ten millions digit of 26719339?
2
What is the ten thousands digit of 1337040745?
4
What is the hundred thousands digit of 690307471?
3
What is the tens digit of 373463297?
9
What is the hundred thousands digit of 11189621?
1
What is the hundred millions digit of 985455863?
9
What is the millions digit of 706296423?
6
What is the thousands digit of 85010912?
0
What is the ten millions digit of 1900503623?
0
What is the ten thousands digit of 27465292?
6
What is the units digit of 15882843?
3
What is the ten thousands digit of 2457883658?
8
What is the thousands digit of 6635432?
5
What is the hundred millions digit of 1430209540?
4
What is the hundred millions digit of 302165320?
3
What is the hundr